MONTHLY CLIMATOLOGICAL SUMMARY for MAY. 2017

NAME: Ladispoli   CITY: Rome STATE: Italy
ELEV: 10 LAT: 42.0 LONG: 12.0

                            TEMPERATURE ( C), RAIN (mm), WIND SPEED (m/s)

                                                 HEAT     COOL          AVG
      MEAN                                       DEG      DEG           WIND                       DOM
DAY   TEMP    HIGH   TIME      LOW     TIME      DAYS     DAYS    RAIN  SPEED   HIGH     TIME      DIR
----------------------------------------------------------------------------------------------------------------------------------------------------------
01    16.3    18.1   13:43p    11.5   23:59p     02.0     00.0   00.0   02.1    10.8    19:16p      S 
02    14.7    18.6   14:15p    08.9   04:39a     03.6     00.0   00.0   01.3    08.7    17:13p     WNW
03    15.5    18.8   16:59p    11.7   04:18a     02.8     00.0   00.0   00.8    05.1    14:36p     WSW
04    16.0    18.7   15:14p    12.5   06:03a     02.3     00.0   00.0   00.7    05.7    12:49p     SSW
05    16.6    19.2   14:19p    13.8   06:26a     01.7     00.0   00.2   01.0    05.7    15:47p     WSW
06    17.5    23.0   15:09p    13.8   06:09a     00.8     00.0   00.0   01.7    10.3    16:31p     SSE
07    16.8    19.4   15:59p    12.6   06:39a     01.5     00.0   00.0   01.2    07.7    14:59p     WSW
08    15.3    18.8   13:40p    11.5   05:58a     03.0     00.0   03.0   01.2    09.8    18:39p      NW
09    15.4    19.3   15:25p    10.2   06:09a     02.9     00.0   00.0   01.0    07.2    17:02p      W 
10    16.4    19.6   14:35p    12.0   04:13a     01.9     00.0   00.0   01.4    07.2    15:10p     SSE
11    18.6    22.5   10:55a    14.2   02:10a     00.0     00.3   00.0   01.6    11.3    12:16p      SE
12    18.4    20.8   15:35p    14.6   05:04a     00.0     00.1   00.0   00.6    05.1    22:08p     SSW
13    18.3    20.5   17:11p    14.2   06:29a     00.0     00.0   00.0   01.0    06.7    14:27p     WSW
14    17.7    19.8   16:06p    14.4   05:57a     00.6     00.0   00.2   00.9    05.7    10:52a     SSW
15    18.5    22.0   16:06p    13.9   06:23a     00.0     00.2   00.0   01.2    09.8    16:14p     WNW
16    22.2    27.1   19:16p    17.0   03:20a     00.0     03.9   00.0   01.9    10.3    08:25a     NNE
17    21.9    26.1   11:03a    18.4   06:05a     00.0     03.6   00.0   01.7    07.7    16:29p      N 
18    20.4    23.2   17:26p    17.1   05:58a     00.0     02.1   00.0   00.7    05.1    08:47a      SE
19    19.9    22.9   10:52a    16.5   06:49a     00.0     01.6   00.2   01.7    09.3    12:42p     SSE
20    18.5    21.1   13:23p    15.8   04:18a     00.0     00.2   02.2   01.5    08.7    14:15p      NW
21    20.0    24.7   15:19p    14.6   06:11a     00.0     01.7   00.0   02.4    15.4    10:10a     NNE
22    19.4    22.2   14:23p    15.6   05:42a     00.0     01.1   00.0   01.0    05.7    01:15a     WNW
23    18.7    22.4   16:27p    13.1   05:57a     00.0     00.4   00.0   00.7    05.1    18:21p     WSW
24    19.4    23.2   18:16p    15.4   04:31a     00.0     01.1   00.0   00.9    08.2    17:12p      W 
25    19.2    22.1   16:17p    14.4   06:22a     00.0     00.9   00.0   00.8    06.2    13:15p     SSW
26    20.6    26.2   13:49p    14.6   04:06a     00.0     02.3   00.0   01.8    08.7    08:52a     NNE
27    20.7    24.0   10:29a    15.7   03:33a     00.0     02.4   00.0   01.6    09.3    17:56p      NW
28
29
30
31
----------------------------------------------------------------------------------------------------------------------------------------------------------
   18.2 (17.8) 27.1   day 16   8.9   day 02    23.2     21.7    5.8    2.5     30.0    day  21    ESE
Note: Average in brackets uses the NOAA/Climate method of the average of the daily maximum and minumum temperatures
Max Rain: 3.0 ON 8-05-17
Days of Rain: 5 (> .2mm) 2 (> 2mm) 0 (> 20mm)