MONTHLY CLIMATOLOGICAL SUMMARY for APR. 2021

NAME: Ladispoli   CITY: Rome STATE: Italy
ELEV: 10 LAT: 42.0 LONG: 12.0

                            TEMPERATURE ( C), RAIN (mm), WIND SPEED (m/s)

                                                 HEAT     COOL          AVG
      MEAN                                       DEG      DEG           WIND                       DOM
DAY   TEMP    HIGH   TIME      LOW     TIME      DAYS     DAYS    RAIN  SPEED   HIGH     TIME      DIR
----------------------------------------------------------------------------------------------------------------------------------------------------------
01    15.1    16.5   16:02p    12.0   10:02a     03.2     00.0   00.0   00.3    03.6    13:43p      S 
02    14.9    17.1   13:23p    13.2   04:23a     03.4     00.0   00.0   00.6    05.1    13:46p     SSE
03    14.3    17.5   11:48a    10.8   06:17a     04.0     00.0   00.4   00.9    08.2    13:28p     SSE
04    14.7    19.6   14:54p    10.5   23:59p     03.6     00.0   00.0   01.2    08.7    11:32a      NE
05    12.0    15.5   16:04p    08.4   23:59p     06.3     00.0   00.0   01.5    07.7    14:21p     SSE
06    13.1    17.3   14:33p    07.1   23:59p     05.2     00.0   01.0   02.4    12.9    23:38p      SW
07    09.0    13.2   13:37p    04.1   06:35a     09.3     00.0   00.0   01.3    10.3    19:15p     NNE
08    08.1    13.0   15:28p    01.1   05:48a     10.2     00.0   00.0   01.3    06.7    13:22p     NNW
09    09.7    14.5   15:51p    03.7   06:56a     08.6     00.0   00.0   01.4    05.7    17:09p     SSE
10    11.8    14.2   17:03p    08.3   01:41a     06.5     00.0   00.0   02.4    09.3    12:35p      SE
11    13.1    15.0   19:37p    11.5   00:25a     05.2     00.0   02.2   02.7    09.3    14:17p      SE
12    12.8    14.6   14:24p    11.5   04:29a     05.5     00.0   03.0   02.5    10.3    15:40p     SSE
13    12.9    15.7   15:17p    08.7   23:59p     05.4     00.0   00.2   01.8    09.3    01:21a      W 
14
15
16
17
18
19
20
21
22
23
24
25
26
27
28
29
30
31
----------------------------------------------------------------------------------------------------------------------------------------------------------
   12.4 (12.1) 19.6   day 04   1.1   day 08    76.4     0.0    6.8    3.0     25.0    day  12     S 
Note: Average in brackets uses the NOAA/Climate method of the average of the daily maximum and minumum temperatures
Max Rain: 3.0 ON 12-04-21
Days of Rain: 5 (> .2mm) 2 (> 2mm) 0 (> 20mm)