MONTHLY CLIMATOLOGICAL SUMMARY for OCT. 2019

NAME: Ladispoli   CITY: Rome STATE: Italy
ELEV: 10 LAT: 42.0 LONG: 12.0

                            TEMPERATURE ( C), RAIN (mm), WIND SPEED (m/s)

                                                 HEAT     COOL          AVG
      MEAN                                       DEG      DEG           WIND                       DOM
DAY   TEMP    HIGH   TIME      LOW     TIME      DAYS     DAYS    RAIN  SPEED   HIGH     TIME      DIR
----------------------------------------------------------------------------------------------------------------------------------------------------------
01    23.1    24.2   13:54p    20.8   23:59p     00.0     04.8   00.0   01.3    05.7    16:31p      S 
02    21.5    24.2   13:45p    18.8   23:59p     00.0     03.2   00.8   01.6    10.3    16:43p     SSW
03    18.0    22.0   10:41a    14.6   22:40p     00.3     00.0   00.0   01.1    09.8    23:58p     NNE
04    17.5    22.9   16:20p    13.8   07:39a     00.8     00.0   00.0   01.1    11.8    01:34a     
05    18.9    23.0   13:51p    14.9   03:28a     00.0     00.6   00.0   00.7    05.1    16:18p     ESE
06    18.9    22.5   12:13p    15.5   07:38a     00.0     00.6   00.0   00.3    05.1    13:54p     NNW
07    18.6    23.8   16:08p    16.0   10:55a     00.0     00.3   03.8   01.2    10.8    23:00p     ENE
08    18.9    23.2   12:51p    14.3   23:55p     00.0     00.6   00.0   00.8    08.7    02:19a      NE
09    18.4    22.8   14:33p    14.3   07:20a     00.0     00.1   00.0   00.6    05.7    13:40p     SSE
10    18.9    22.7   13:49p    15.8   00:58a     00.0     00.6   00.0   01.0    07.2    13:53p      SE
11    19.1    23.4   14:58p    15.4   06:42a     00.0     00.8   00.0   00.3    05.1    15:44p     SSE
12    18.5    22.5   13:16p    15.0   04:35a     00.0     00.2   00.2   00.4    05.1    11:11a      S 
13    19.1    23.8   12:58p    15.3   07:43a     00.0     00.8   00.2   00.5    05.1    16:05p     SSE
14    20.2    23.3   15:19p    17.0   08:05a     00.0     01.9   00.0   00.4    05.7    09:29a      SE
15    19.0    21.2   17:31p    16.8   07:39a     00.0     00.7   23.2   01.3    08.7    17:21p     ESE
16    18.7    21.6   13:19p    14.9   23:59p     00.0     00.4   00.0   00.6    07.7    00:01a      S 
17    17.2    21.4   14:45p    13.7   07:07a     01.1     00.0   00.0   00.1    03.6    15:20p      SW
18    17.3    21.5   14:45p    13.6   05:00a     01.0     00.0   00.0   00.2    03.6    16:50p      SW
19    17.8    21.7   16:19p    14.3   07:52a     00.5     00.0   00.2   00.5    05.1    17:01p     SSE
20    19.0    23.7   15:36p    15.2   05:13a     00.0     00.7   00.0   01.1    07.2    16:48p     ESE
21    20.2    24.1   11:47a    17.2   07:49a     00.0     01.9   00.0   00.6    07.7    11:16a      SE
22    19.9    26.9   13:58p    15.5   07:29a     00.0     01.6   00.0   00.1    03.6    14:49p      SE
23
24
25
26
27
28
29
30
31
----------------------------------------------------------------------------------------------------------------------------------------------------------
   19.0 (19.3) 26.9   day 22   13.6   day 18    3.7     19.9    28.4    1.4     23.0    day  15     NE
Note: Average in brackets uses the NOAA/Climate method of the average of the daily maximum and minumum temperatures
Max Rain: 23.2 ON 15-10-19
Days of Rain: 6 (> .2mm) 2 (> 2mm) 1 (> 20mm)