MONTHLY CLIMATOLOGICAL SUMMARY for SEP. 2017

NAME: Ladispoli   CITY: Rome STATE: Italy
ELEV: 10 LAT: 42.0 LONG: 12.0

                            TEMPERATURE ( C), RAIN (mm), WIND SPEED (m/s)

                                                 HEAT     COOL          AVG
      MEAN                                       DEG      DEG           WIND                       DOM
DAY   TEMP    HIGH   TIME      LOW     TIME      DAYS     DAYS    RAIN  SPEED   HIGH     TIME      DIR
----------------------------------------------------------------------------------------------------------------------------------------------------------
01    24.9    26.7   16:36p    20.2   13:04p     00.0     06.6   22.4   01.8    08.2    13:10p     SSE
02    23.9    25.4   13:00p    20.6   23:58p     00.0     05.6   00.4   01.8    11.3    16:15p     WSW
03    20.2    23.7   17:23p    15.3   06:56a     00.0     01.9   00.4   01.2    08.7    02:21a     WNW
04    21.0    24.9   14:54p    16.5   06:58a     00.0     02.7   00.0   00.7    06.2    09:59a      SE
05    21.9    24.9   15:36p    18.2   07:01a     00.0     03.6   00.0   01.3    08.2    17:07p     WNW
06    22.3    25.5   14:40p    17.9   06:33a     00.0     04.0   00.0   00.8    06.7    15:44p      S 
07    22.4    24.6   15:24p    19.5   23:59p     00.0     04.1   05.2   01.0    07.7    02:03a      S 
08    21.3    24.6   14:33p    18.2   23:59p     00.0     03.0   00.0   00.9    06.2    13:37p      S 
09    21.1    24.3   15:26p    16.9   03:35a     00.0     02.8   00.0   01.6    08.7    20:10p     SSE
10    20.0    22.7   20:42p    16.7   11:28a     00.0     01.7   90.6   01.9    11.8    12:36p      E 
11    20.3    22.7   19:05p    18.1   06:46a     00.0     02.0   01.6   02.4    10.8    08:09a      E 
12    20.3    23.6   11:50a    16.6   04:31a     00.0     02.0   00.0   01.5    08.7    14:21p      W 
13    20.1    23.3   15:52p    16.5   07:14a     00.0     01.8   00.0   00.6    05.1    13:20p      SW
14    20.4    23.1   17:12p    16.5   06:05a     00.0     02.1   00.0   01.1    06.2    22:42p      S 
15    22.5    24.7   14:31p    20.4   04:43a     00.0     04.2   00.0   01.8    07.7    23:20p     SSE
16    22.3    25.1   13:29p    20.7   07:23a     00.0     04.0   00.2   01.7    11.8    13:41p     SSE
17    20.7    22.5   13:51p    16.3   23:59p     00.0     02.4   00.0   01.1    06.7    16:09p      W 
18    18.6    22.3   14:43p    14.7   04:52a     00.0     00.3   00.2   01.0    05.7    15:27p      S 
19    18.2    20.9   13:55p    13.2   22:35p     00.1     00.0   03.8   01.2    08.7    21:54p     WNW
20    16.4    21.8   17:20p    11.8   06:07a     01.9     00.0   00.0   01.0    09.3    17:28p      N 
21    17.3    21.6   15:29p    11.9   03:26a     01.0     00.0   00.0   00.4    05.1    16:01p      W 
22
23
24
25
26
27
28
29
30
31
----------------------------------------------------------------------------------------------------------------------------------------------------------
   20.8 (20.4) 26.7   day 01   11.8   day 20    3.0     54.9    124.8    2.5     23.0    day  16    WNW
Note: Average in brackets uses the NOAA/Climate method of the average of the daily maximum and minumum temperatures
Max Rain: 90.6 ON 10-09-17
Days of Rain: 9 (> .2mm) 4 (> 2mm) 2 (> 20mm)