MONTHLY CLIMATOLOGICAL SUMMARY for OCT. 2021

NAME: Ladispoli   CITY: Rome STATE: Italy
ELEV: 10 LAT: 42.0 LONG: 12.0

                            TEMPERATURE ( C), RAIN (mm), WIND SPEED (m/s)

                                                 HEAT     COOL          AVG
      MEAN                                       DEG      DEG           WIND                       DOM
DAY   TEMP    HIGH   TIME      LOW     TIME      DAYS     DAYS    RAIN  SPEED   HIGH     TIME      DIR
----------------------------------------------------------------------------------------------------------------------------------------------------------
01
02
03
04
05    21.7    22.8   15:42p    17.6   23:45p     00.0     03.4   00.0   01.9    06.7    12:49p      SW
06    20.8    22.9   12:35p    16.2   23:55p     00.0     02.5   00.4   02.8    12.9    17:44p     WSW
07    16.3    20.6   15:49p    12.6   07:44a     02.0     00.0   00.0   01.0    11.8    15:58p     
08    18.5    22.0   15:34p    15.7   00:48a     00.0     00.2   00.0   02.3    11.8    21:21p     NNE
09    19.0    23.3   15:54p    16.5   07:35a     00.0     00.7   00.0   02.2    09.3    08:43a      NE
10    15.6    18.9   13:49p    12.5   23:59p     02.7     00.0   00.0   02.5    09.8    15:03p     NNE
11    14.1    17.3   14:36p    12.0   09:15a     04.2     00.0   00.0   01.1    08.7    13:05p      N 
12    15.5    20.4   14:02p    11.8   05:49a     02.8     00.0   00.0   00.8    06.7    08:33a      NE
13    16.5    21.7   16:49p    12.6   04:11a     01.8     00.0   00.0   01.0    09.3    21:18p      NE
14    14.7    18.7   14:58p    12.2   23:59p     03.6     00.0   00.0   03.7    13.4    09:28a      NE
15    14.9    19.9   16:28p    11.0   07:33a     03.4     00.0   00.0   01.4    10.3    11:21a     
16    14.9    19.5   15:54p    10.9   06:16a     03.4     00.0   00.0   00.3    05.1    10:54a      NW
17    15.7    20.1   16:13p    12.0   01:05a     02.6     00.0   00.0   00.3    04.1    10:26a      SE
18    15.7    20.1   14:52p    11.6   05:22a     02.6     00.0   00.0   00.3    05.7    15:55p      W 
19
20
21
22
23
24
25
26
27
28
29
30
31
----------------------------------------------------------------------------------------------------------------------------------------------------------
   16.7 (16.9) 23.3   day 09   10.9   day 16    29.2     6.7    5.4    3.0     26.0    day  14    NNW
Note: Average in brackets uses the NOAA/Climate method of the average of the daily maximum and minumum temperatures
Max Rain: 0.4 ON 6-10-21
Days of Rain: 1 (> .2mm) 0 (> 2mm) 0 (> 20mm)