MONTHLY CLIMATOLOGICAL SUMMARY for JUL. 2018

NAME: Ladispoli   CITY: Rome STATE: Italy
ELEV: 10 LAT: 42.0 LONG: 12.0

                            TEMPERATURE ( C), RAIN (mm), WIND SPEED (m/s)

                                                 HEAT     COOL          AVG
      MEAN                                       DEG      DEG           WIND                       DOM
DAY   TEMP    HIGH   TIME      LOW     TIME      DAYS     DAYS    RAIN  SPEED   HIGH     TIME      DIR
----------------------------------------------------------------------------------------------------------------------------------------------------------
01    24.3    26.4   17:52p    21.5   23:59p     00.0     06.0   00.2   01.0    05.1    14:52p     SSW
02    23.5    26.3   10:09a    19.7   05:18a     00.0     05.2   00.0   01.8    08.2    14:06p     SSE
03    24.4    26.2   14:26p    22.6   06:35a     00.0     06.1   00.0   01.3    05.7    16:02p     SSW
04
05    24.6    26.9   15:15p    20.5   04:20a     00.0     06.3   00.0   00.9    06.2    16:38p     WSW
06    25.2    27.4   10:17a    22.3   23:57p     00.0     06.9   00.0   01.5    08.2    14:42p      W 
07    25.4    32.6   18:57p    20.3   06:00a     00.0     07.1   00.0   01.4    10.3    14:48p      NW
08    26.1    34.8   16:49p    19.7   05:25a     00.0     07.8   00.0   01.1    09.3    17:29p     WNW
09    27.4    35.4   17:34p    0-56.0   19:17p     00.0     09.1   00.0   01.1    07.7    16:34p     NNW
10    24.5    27.1   09:26a    21.1   06:39a     00.0     06.2   00.0   00.8    05.1    14:54p     SSW
11    24.6    27.1   13:51p    22.3   05:55a     00.0     06.3   00.0   01.8    08.2    09:08a      S 
12    24.8    26.9   15:07p    22.6   02:56a     00.0     06.5   00.0   01.0    05.1    07:02a      S 
13    24.5    27.5   14:36p    20.3   06:19a     00.0     06.2   00.0   01.0    06.7    18:02p     WSW
14    25.0    28.9   12:04p    20.2   06:25a     00.0     06.7   00.0   00.5    05.1    19:03p     WSW
15    25.3    28.0   16:21p    20.8   06:41a     00.0     07.0   00.0   01.1    06.7    16:25p     WNW
16    24.7    27.8   17:34p    20.8   05:59a     00.0     06.4   06.8   01.3    10.8    20:57p     SSE
17
18
19
20
21
22
23
24
25
26
27
28
29
30
31
----------------------------------------------------------------------------------------------------------------------------------------------------------
   25.0 (24.1) 35.4   day 09   -56.0   day 09    0.0     99.8    7.0    2.3     21.0    day  16     E 
Note: Average in brackets uses the NOAA/Climate method of the average of the daily maximum and minumum temperatures
Max >=  32.0: 3
Min <=   0.0: 1
Min <= -18.0: 1
Min <=  -5.0: 1
Min <= -10.0: 1
Min <= -15.0: 1
Min <= -20.0: 1
Min <= -25.0: 1
Max Rain: 6.8 ON 16-07-18
Days of Rain: 2 (> .2mm) 1 (> 2mm) 0 (> 20mm)