MONTHLY CLIMATOLOGICAL SUMMARY for JAN. 2021

NAME: Ladispoli   CITY: Rome STATE: Italy
ELEV: 10 LAT: 42.0 LONG: 12.0

                            TEMPERATURE ( C), RAIN (mm), WIND SPEED (m/s)

                                                 HEAT     COOL          AVG
      MEAN                                       DEG      DEG           WIND                       DOM
DAY   TEMP    HIGH   TIME      LOW     TIME      DAYS     DAYS    RAIN  SPEED   HIGH     TIME      DIR
----------------------------------------------------------------------------------------------------------------------------------------------------------
01    10.9    14.1   23:10p    07.5   10:31a     07.4     00.0   23.0   03.2    12.4    18:04p      SE
02    11.7    13.8   11:24a    08.6   23:59p     06.6     00.0   13.2   04.5    17.0    12:36p      S 
03    07.0    08.5   00:02a    06.1   23:39p     11.3     00.0   21.0   02.1    08.7    12:58p      E 
04    07.2    09.7   12:08p    04.8   08:28a     11.1     00.0   11.2   01.5    07.7    20:45p      E 
05    08.7    11.3   10:24a    06.2   02:49a     09.6     00.0   22.8   02.8    11.8    13:50p     SSW
06    09.9    11.9   13:53p    05.5   23:41p     08.4     00.0   00.4   02.6    11.3    03:03a      SW
07    06.8    09.1   12:32p    05.0   01:53a     11.5     00.0   00.4   00.9    05.1    11:27a      E 
08    07.3    10.2   15:21p    05.6   22:15p     11.0     00.0   00.0   00.1    05.1    15:26p      NE
09    07.9    09.2   22:15p    06.2   00:00a     10.4     00.0   01.8   02.4    10.3    16:50p      NE
10    07.9    09.8   12:07p    04.3   23:59p     10.4     00.0   02.8   01.4    08.2    11:32a      NE
11    05.7    09.1   12:18p    03.7   23:59p     12.6     00.0   00.2   00.2    04.6    00:25a     NNE
12    05.5    10.6   15:08p    01.7   07:31a     12.8     00.0   00.0   00.3    05.1    15:19p     
13    06.9    12.5   14:00p    02.0   07:54a     11.4     00.0   00.0   00.4    06.2    15:09p     NNW
14    09.3    14.8   15:02p    05.3   03:21a     09.0     00.0   00.2   00.6    06.2    10:40a     ENE
15    09.0    12.2   14:40p    06.7   23:59p     09.3     00.0   02.0   00.5    07.7    23:23p      NE
16    06.1    09.5   15:15p    02.3   23:06p     12.2     00.0   00.0   01.7    09.8    08:59a      NE
17    03.8    07.7   15:51p    00.9   04:48a     14.5     00.0   00.8   01.5    08.7    13:53p     ENE
18    07.1    11.7   13:15p    03.4   23:13p     11.2     00.0   00.2   00.6    08.2    07:46a     NNE
19
20
21
22
23
24
25
26
27
28
29
30
31
----------------------------------------------------------------------------------------------------------------------------------------------------------
   7.7 (7.8) 14.8   day 14   0.9   day 17    190.5     0.0    100.0    3.0     33.0    day  02    ENE
Note: Average in brackets uses the NOAA/Climate method of the average of the daily maximum and minumum temperatures
Max Rain: 23.0 ON 1-01-21
Days of Rain: 14 (> .2mm) 6 (> 2mm) 3 (> 20mm)