MONTHLY CLIMATOLOGICAL SUMMARY for OCT. 2020

NAME: Ladispoli   CITY: Rome STATE: Italy
ELEV: 10 LAT: 42.0 LONG: 12.0

                            TEMPERATURE ( C), RAIN (mm), WIND SPEED (m/s)

                                                 HEAT     COOL          AVG
      MEAN                                       DEG      DEG           WIND                       DOM
DAY   TEMP    HIGH   TIME      LOW     TIME      DAYS     DAYS    RAIN  SPEED   HIGH     TIME      DIR
----------------------------------------------------------------------------------------------------------------------------------------------------------
01    20.1    21.1   17:12p    17.2   23:59p     00.0     01.8   00.0   00.6    04.6    16:11p     SSW
02    19.3    21.7   17:49p    15.8   06:44a     00.0     01.0   00.0   02.9    12.4    15:09p      SE
03    19.8    22.6   09:38a    14.9   23:49p     00.0     01.5   06.2   02.0    15.4    09:36a     SSE
04    19.9    22.2   13:33p    15.4   00:01a     00.0     01.6   00.2   03.3    10.8    19:03p      S 
05    19.4    20.9   03:06a    14.7   23:59p     00.0     01.1   07.6   02.4    09.8    01:47a      SW
06    17.0    20.7   15:29p    13.7   06:01a     01.3     00.0   00.0   00.4    05.1    10:31a     ESE
07    19.7    22.0   16:28p    16.0   00:03a     00.0     01.4   02.2   01.3    11.3    12:14p      W 
08    18.5    23.6   14:32p    14.4   03:31a     00.0     00.2   00.0   00.6    06.2    01:34a     NNE
09    16.7    20.9   16:47p    12.3   04:31a     01.6     00.0   00.0   00.5    06.7    16:48p     WNW
10    16.9    20.7   15:27p    11.3   07:38a     01.4     00.0   00.0   00.2    04.6    17:04p      SE
11    18.1    19.6   05:37a    16.8   23:59p     00.2     00.0   02.4   03.2    12.9    17:56p      SW
12    15.0    19.0   16:00p    12.2   20:18p     03.3     00.0   05.8   00.5    08.7    18:51p      E 
13    14.6    17.9   14:39p    10.4   07:59a     03.7     00.0   00.2   00.4    06.7    15:03p     WNW
14    16.4    19.6   12:25p    11.8   08:03a     01.9     00.0   28.8   01.3    14.4    21:31p      S 
15    16.8    20.1   01:49a    12.6   23:59p     01.5     00.0   07.4   02.6    12.4    03:22a      SW
16    16.1    17.7   12:57p    12.6   23:59p     02.2     00.0   03.4   02.4    11.8    07:19a      SW
17    14.1    17.9   14:26p    11.4   23:59p     04.2     00.0   07.2   00.4    05.1    11:12a     ENE
18    14.3    18.6   16:06p    10.6   06:55a     04.0     00.0   00.2   00.3    05.1    16:03p      NW
19    14.8    19.2   12:19p    11.5   07:21a     03.5     00.0   00.2   00.3    04.1    15:27p      SE
20    14.9    19.1   16:01p    11.0   07:29a     03.4     00.0   00.0   00.2    03.6    10:39a      SE
21    15.6    20.2   14:45p    11.7   00:59a     02.7     00.0   00.0   00.8    07.2    14:04p      SE
22
23
24
25
26
27
28
29
30
31
----------------------------------------------------------------------------------------------------------------------------------------------------------
   17.1 (16.8) 23.6   day 08   10.4   day 13    34.7     8.6    71.8    2.4     30.0    day  03     E 
Note: Average in brackets uses the NOAA/Climate method of the average of the daily maximum and minumum temperatures
Max Rain: 28.8 ON 14-10-20
Days of Rain: 13 (> .2mm) 9 (> 2mm) 1 (> 20mm)