MONTHLY CLIMATOLOGICAL SUMMARY for DEC. 2018

NAME: Ladispoli   CITY: Rome STATE: Italy
ELEV: 10 LAT: 42.0 LONG: 12.0

                            TEMPERATURE ( C), RAIN (mm), WIND SPEED (m/s)

                                                 HEAT     COOL          AVG
      MEAN                                       DEG      DEG           WIND                       DOM
DAY   TEMP    HIGH   TIME      LOW     TIME      DAYS     DAYS    RAIN  SPEED   HIGH     TIME      DIR
----------------------------------------------------------------------------------------------------------------------------------------------------------
01    12.6    16.2   13:49p    10.3   03:59a     05.7     00.0   00.0   01.1    06.7    12:17p     ENE
02    11.9    15.2   14:37p    08.4   07:18a     06.4     00.0   00.0   00.3    03.1    22:19p     ENE
03    15.2    16.9   15:14p    11.9   00:06a     03.1     00.0   00.2   00.9    06.7    11:35a      SW
04    14.8    18.8   15:24p    11.9   23:57p     03.5     00.0   00.2   00.3    04.1    14:32p     NNE
05    13.5    18.4   12:37p    08.9   06:35a     04.8     00.0   00.0   00.1    02.6    04:48a      SE
06    12.2    14.5   14:48p    09.6   23:59p     06.1     00.0   07.0   00.9    05.1    17:16p      E 
07    12.5    16.0   23:23p    09.2   03:22a     05.8     00.0   00.6   00.5    08.2    23:40p      SE
08    14.7    16.9   14:53p    09.7   23:59p     03.6     00.0   00.2   02.5    11.8    11:05a     WNW
09    14.9    17.3   18:27p    07.9   00:56a     03.4     00.0   00.0   02.4    14.4    17:31p     NNW
10    12.8    17.0   13:47p    08.0   23:59p     05.5     00.0   00.0   00.6    06.7    15:39p     
11    08.3    14.1   14:04p    03.8   06:57a     010.0     00.0   00.0   00.1    04.1    13:58p      NE
12    07.5    10.9   13:56p    04.0   07:18a     10.8     00.0   00.0   00.9    06.2    02:40a     ENE
13    08.2    09.7   11:50a    07.1   08:16a     10.1     00.0   03.2   01.7    08.7    11:03a     ENE
14
15
16
17
18
19
20
21
22
23
24
25
26
27
28
29
30
31
----------------------------------------------------------------------------------------------------------------------------------------------------------
   12.2 (12.0) 18.8   day 04   3.8   day 11    78.7     0.0    11.6    1.8     28.0    day  09     NE
Note: Average in brackets uses the NOAA/Climate method of the average of the daily maximum and minumum temperatures
Max Rain: 7.0 ON 6-12-18
Days of Rain: 6 (> .2mm) 2 (> 2mm) 0 (> 20mm)