MONTHLY CLIMATOLOGICAL SUMMARY for JAN. 2020

NAME: Ladispoli   CITY: Rome STATE: Italy
ELEV: 10 LAT: 42.0 LONG: 12.0

                            TEMPERATURE ( C), RAIN (mm), WIND SPEED (m/s)

                                                 HEAT     COOL          AVG
      MEAN                                       DEG      DEG           WIND                       DOM
DAY   TEMP    HIGH   TIME      LOW     TIME      DAYS     DAYS    RAIN  SPEED   HIGH     TIME      DIR
----------------------------------------------------------------------------------------------------------------------------------------------------------
01    09.6    13.3   11:26a    04.9   23:48p     08.7     00.0   00.0   00.0    02.1    14:26p     NNE
02    08.2    15.0   14:14p    03.2   07:55a     10.1     00.0   00.0   00.1    03.6    05:22a     ESE
03    05.1    05.1   23:59p    05.1   23:59p     13.2     00.0   00.0   00.0    00.0    23:59p     ESE
04    05.1    05.1   23:59p    05.1   23:59p     13.2     00.0   00.0   00.0    00.0    23:59p     ESE
05    09.3    16.1   13:41p    03.8   23:59p     09.0     00.0   00.2   00.3    07.2    10:21a      E 
06    08.1    13.1   14:55p    03.8   00:34a     10.2     00.0   00.0   00.8    09.8    08:58a      NE
07    06.7    11.8   14:13p    02.9   07:43a     11.6     00.0   00.0   00.1    04.6    03:57a      E 
08    08.8    14.8   13:34p    04.4   23:59p     09.5     00.0   00.0   00.2    04.6    11:34a     
09    07.6    13.3   15:15p    03.4   00:35a     10.7     00.0   00.0   00.2    03.6    16:29p     WNW
10    08.7    14.3   15:42p    04.4   01:28a     09.6     00.0   00.0   00.3    05.7    10:09a      E 
11    08.8    14.5   14:39p    04.3   08:16a     09.5     00.0   00.2   00.2    04.6    12:21p     ENE
12    09.5    14.6   11:55a    06.1   22:29p     08.8     00.0   00.0   00.4    05.7    01:44a      N 
13    08.6    13.6   14:12p    05.5   07:37a     09.7     00.0   00.0   00.4    04.6    12:51p      E 
14    09.5    13.7   14:39p    06.2   05:45a     08.8     00.0   00.0   00.2    03.1    15:00p     SSE
15    08.5    13.7   12:24p    04.4   05:17a     09.8     00.0   00.0   00.2    04.6    10:43a     SSE
16    08.4    14.3   14:19p    04.2   08:11a     09.9     00.0   00.2   00.4    05.7    15:17p     WSW
17    05.1    06.6   00:01a    04.9   03:02a     13.2     00.0   00.0   00.0    00.0    23:59p      N 
18    07.4    11.4   15:11p    05.0   12:45p     10.9     00.0   19.6   00.1    05.1    14:42p     NNW
19    09.9    13.1   14:44p    06.0   08:22a     08.4     00.0   00.4   00.6    07.7    23:58p     ENE
20    10.2    11.8   15:37p    09.0   23:40p     08.1     00.0   00.2   03.3    09.3    08:17a      NE
21    10.5    14.0   14:14p    08.1   08:15a     07.8     00.0   00.0   01.8    08.2    06:53a     ENE
22    10.3    15.0   12:33p    07.4   08:08a     08.0     00.0   00.0   00.4    04.6    02:00a     ESE
23    09.5    14.4   12:47p    05.9   06:12a     08.8     00.0   00.2   00.2    05.1    10:14a      SE
24    09.8    12.4   16:33p    06.4   03:42a     08.5     00.0   02.0   00.7    06.2    16:57p     ESE
25    12.3    15.2   15:05p    09.7   21:39p     06.0     00.0   02.4   00.9    07.7    06:38a      SE
26    10.8    14.0   12:12p    07.0   23:34p     07.5     00.0   00.2   00.3    04.1    04:50a     ENE
27    10.4    14.3   12:56p    05.7   07:58a     07.9     00.0   01.0   00.3    06.2    23:45p     WSW
28    14.2    15.0   14:10p    12.6   23:59p     04.1     00.0   00.0   03.1    09.3    20:31p      SW
29
30
31
----------------------------------------------------------------------------------------------------------------------------------------------------------
   9.0 (9.3) 16.1   day 05   2.9   day 07    261.4     0.0    26.6    1.1     19.0    day  28     W 
Note: Average in brackets uses the NOAA/Climate method of the average of the daily maximum and minumum temperatures
Max Rain: 19.6 ON 18-01-20
Days of Rain: 11 (> .2mm) 2 (> 2mm) 0 (> 20mm)