MONTHLY CLIMATOLOGICAL SUMMARY for SEP. 2022

NAME: Ladispoli   CITY: Rome STATE: Italy
ELEV: 10 LAT: 42.0 LONG: 12.0

                            TEMPERATURE ( C), RAIN (mm), WIND SPEED (m/s)

                                                 HEAT     COOL          AVG
      MEAN                                       DEG      DEG           WIND                       DOM
DAY   TEMP    HIGH   TIME      LOW     TIME      DAYS     DAYS    RAIN  SPEED   HIGH     TIME      DIR
----------------------------------------------------------------------------------------------------------------------------------------------------------
01    24.1    26.8   14:00p    20.9   15:14p     00.0     05.8   15.0   00.5    07.2    15:31p      SE
02    23.5    27.2   16:53p    19.1   06:53a     00.0     05.2   00.0   00.3    06.2    16:31p     WNW
03    23.4    27.0   15:04p    20.5   06:25a     00.0     05.1   03.6   01.2    08.7    20:57p     SSE
04    24.1    28.5   14:24p    22.0   11:10a     00.0     05.8   01.2   00.7    07.2    11:53a     SSE
05    24.5    27.7   16:31p    20.5   07:07a     00.0     06.2   00.0   00.2    05.1    16:39p      W 
06    24.8    29.1   11:14a    20.4   07:01a     00.0     06.5   00.0   00.5    07.2    13:50p     SSE
07    25.6    28.3   15:58p    22.6   04:43a     00.0     07.3   00.0   01.1    07.2    13:31p     SSE
08    25.8    27.9   15:17p    22.8   10:47a     00.0     07.5   00.2   02.5    08.7    14:23p      SE
09    26.5    30.0   15:51p    22.2   23:59p     00.0     08.2   00.0   00.9    06.2    15:34p      SW
10    25.1    27.8   16:53p    20.9   07:15a     00.0     06.8   00.0   00.3    05.7    13:51p     SSW
11    23.9    27.5   15:56p    20.2   05:07a     00.0     05.6   00.0   00.6    07.2    17:40p     NNW
12    23.8    27.3   15:01p    19.9   06:32a     00.0     05.5   00.0   00.6    05.7    15:35p      SW
13    23.3    27.0   17:05p    18.9   06:52a     00.0     05.0   00.0   00.1    04.1    16:24p     SSW
14    24.1    27.4   15:31p    20.4   07:23a     00.0     05.8   00.0   01.7    08.7    11:16a     SSE
15    24.9    26.9   17:31p    20.2   08:22a     00.0     06.6   06.0   03.5    11.8    14:27p     SSE
16    26.3    27.7   16:38p    25.0   07:47a     00.0     08.0   00.0   02.5    09.8    23:49p      SW
17    23.1    27.9   14:48p    16.4   23:58p     00.0     04.8   00.0   02.8    11.8    01:06a      W 
18    19.2    24.3   15:57p    13.6   07:51a     00.0     00.9   00.0   00.7    05.7    14:16p     WNW
19    21.6    24.9   15:42p    15.0   01:29a     00.0     03.3   00.0   01.6    08.2    14:22p      S 
20    21.6    25.3   15:47p    17.9   01:45a     00.0     03.3   00.0   00.6    05.1    15:48p      S 
21    20.6    24.8   13:20p    16.2   07:16a     00.0     02.3   00.0   01.3    07.7    22:53p      NE
22    18.5    22.2   14:23p    14.6   07:27a     00.0     00.2   00.0   01.3    06.2    09:38a     ENE
23    18.0    22.5   14:49p    13.7   07:17a     00.3     00.0   00.0   01.3    06.2    10:35a      E 
24    19.6    22.5   12:10p    15.0   00:08a     00.0     01.3   00.0   03.1    12.9    17:06p     SSE
25    18.8    21.7   12:37p    15.9   05:44a     00.0     00.5   21.0   02.9    11.3    15:51p      SE
26    19.9    22.4   18:06p    17.3   04:28a     00.0     01.6   20.0   01.8    06.7    16:43p     SSE
27    21.4    23.2   11:48a    17.2   23:59p     00.0     03.1   00.0   02.9    13.9    16:15p     WSW
28    19.5    22.5   15:02p    16.0   07:55a     00.0     01.2   00.0   01.7    08.2    20:37p      S 
29
30
31
----------------------------------------------------------------------------------------------------------------------------------------------------------
   22.7 (22.4) 30.0   day 09   13.6   day 18    0.3     123.2    67.0    2.7     27.0    day  24    WSW
Note: Average in brackets uses the NOAA/Climate method of the average of the daily maximum and minumum temperatures
Max Rain: 21.0 ON 25-09-22
Days of Rain: 7 (> .2mm) 5 (> 2mm) 1 (> 20mm)