MONTHLY CLIMATOLOGICAL SUMMARY for APR. 2019

NAME: Ladispoli   CITY: Rome STATE: Italy
ELEV: 10 LAT: 42.0 LONG: 12.0

                            TEMPERATURE ( C), RAIN (mm), WIND SPEED (m/s)

                                                 HEAT     COOL          AVG
      MEAN                                       DEG      DEG           WIND                       DOM
DAY   TEMP    HIGH   TIME      LOW     TIME      DAYS     DAYS    RAIN  SPEED   HIGH     TIME      DIR
----------------------------------------------------------------------------------------------------------------------------------------------------------
01    14.3    15.7   16:10p    12.1   22:51p     04.0     00.0   00.0   00.9    05.1    17:31p     WSW
02    12.7    15.7   16:01p    08.2   05:43a     05.6     00.0   00.0   00.5    04.6    20:07p      S 
03    12.4    15.2   14:58p    10.0   05:12a     05.9     00.0   01.8   02.1    10.3    14:34p      SE
04    13.1    15.4   10:47a    08.4   23:56p     05.2     00.0   13.8   04.5    18.5    19:09p     SSE
05    10.5    15.0   16:33p    04.9   05:53a     07.8     00.0   00.2   00.5    05.1    15:35p     SSE
06    11.6    15.3   14:55p    06.5   05:03a     06.7     00.0   00.0   00.4    05.7    13:10p      SW
07    12.1    14.7   16:23p    09.1   23:25p     06.2     00.0   06.0   00.6    05.7    05:07a      SW
08    11.6    15.1   16:05p    06.6   07:03a     06.7     00.0   00.2   00.9    09.3    15:03p      NW
09    12.2    15.8   17:02p    06.8   07:17a     06.1     00.0   00.0   00.7    08.7    12:31p     WNW
10    11.9    15.0   18:00p    08.4   01:40a     06.4     00.0   00.8   00.6    06.2    13:18p      SE
11    12.5    15.6   16:06p    09.0   04:12a     05.8     00.0   00.2   00.7    05.7    21:47p     SSE
12    12.5    15.5   16:45p    09.2   05:52a     05.8     00.0   00.6   00.4    06.2    16:09p     NNE
13    12.7    15.3   16:11p    09.0   05:49a     05.6     00.0   00.0   00.5    05.1    17:58p      NW
14    12.8    16.2   14:09p    09.4   22:56p     05.5     00.0   00.0   01.5    08.7    15:22p     SSE
15    14.2    19.5   15:04p    08.3   03:06a     04.1     00.0   00.0   01.2    12.9    09:57a      NE
16    13.7    16.6   16:12p    10.1   06:03a     04.6     00.0   00.0   00.6    06.7    16:31p      SW
17    12.3    16.7   16:57p    07.4   06:50a     06.0     00.0   00.0   00.5    06.2    16:43p     WNW
18    14.7    19.6   11:26a    10.3   05:05a     03.6     00.0   00.0   00.5    05.1    13:35p      S 
19
20    14.9    20.4   11:13a    11.5   01:33a     03.4     00.0   00.0   00.3    05.1    13:26p      E 
21    17.6    20.5   14:38p    15.0   07:28a     00.7     00.0   00.0   00.5    05.7    10:44a     ENE
22    16.8    20.8   11:55a    13.8   20:36p     01.5     00.0   09.2   01.3    12.9    17:35p      E 
23    16.3    17.8   16:04p    14.1   00:11a     02.0     00.0   03.8   03.5    12.4    14:20p     SSE
24    17.3    19.8   14:13p    14.5   07:19a     01.0     00.0   00.0   00.8    08.7    01:57a     SSE
25
26
27
28
29
30
31
----------------------------------------------------------------------------------------------------------------------------------------------------------
   13.5 (13.3) 20.8   day 22   4.9   day 05    110.2     0.0    36.6    2.0     36.0    day  04     E 
Note: Average in brackets uses the NOAA/Climate method of the average of the daily maximum and minumum temperatures
Max Rain: 13.8 ON 4-04-19
Days of Rain: 10 (> .2mm) 4 (> 2mm) 0 (> 20mm)