MONTHLY CLIMATOLOGICAL SUMMARY for NOV. 2017

NAME: Ladispoli   CITY: Rome STATE: Italy
ELEV: 10 LAT: 42.0 LONG: 12.0

                            TEMPERATURE ( C), RAIN (mm), WIND SPEED (m/s)

                                                 HEAT     COOL          AVG
      MEAN                                       DEG      DEG           WIND                       DOM
DAY   TEMP    HIGH   TIME      LOW     TIME      DAYS     DAYS    RAIN  SPEED   HIGH     TIME      DIR
----------------------------------------------------------------------------------------------------------------------------------------------------------
01    13.9    17.7   14:42p    10.6   23:05p     04.4     00.0   00.0   00.3    04.6    13:22p     WNW
02    14.3    18.4   13:35p    09.1   03:38a     04.0     00.0   00.0   00.3    04.6    13:59p      SE
03    16.3    19.9   16:07p    13.6   06:34a     02.0     00.0   00.4   00.3    04.1    05:01a     ESE
04    15.7    19.4   13:20p    12.0   07:05a     02.6     00.0   00.2   00.3    04.1    13:38p      SE
05    15.2    18.2   11:40a    12.4   14:39p     03.1     00.0   33.8   02.0    18.0    12:40p     SSE
06    14.0    16.3   00:00a    09.6   23:55p     04.3     00.0   00.6   01.3    08.7    12:28p      SW
07    11.2    14.0   15:34p    08.8   06:14a     07.1     00.0   03.2   01.4    09.3    10:16a      E 
08    12.4    15.9   15:31p    07.0   05:38a     05.9     00.0   00.2   00.5    05.7    16:54p     SSW
09    14.1    17.0   12:54p    11.7   07:55a     04.2     00.0   06.8   01.0    08.7    15:03p      SE
10    13.9    16.5   13:13p    12.0   22:52p     04.4     00.0   00.2   00.4    06.2    04:56a      NE
11    13.8    18.1   11:06a    09.7   23:47p     04.5     00.0   00.0   00.2    04.6    15:43p     
12    13.7    17.2   13:00p    09.1   04:05a     04.6     00.0   03.0   02.2    11.8    20:19p     SSW
13    12.6    17.1   04:46a    07.9   23:58p     05.7     00.0   00.6   02.1    18.0    05:46a     WSW
14    11.1    13.9   14:53p    07.9   01:12a     07.2     00.0   00.8   02.2    15.4    18:17p      NE
15    12.7    15.0   12:22p    11.5   22:54p     05.6     00.0   01.2   03.6    13.9    07:20a      NE
16    13.6    17.6   14:27p    11.0   01:44a     04.7     00.0   00.0   01.8    10.3    07:34a      NE
17    13.5    17.7   15:22p    10.3   22:32p     04.8     00.0   00.0   00.7    07.2    06:09a     NNE
18    12.0    16.4   14:29p    08.7   07:21a     06.3     00.0   00.0   00.6    06.2    10:38a      NE
19
20
21
22
23
24
25
26
27
28
29
30
31
----------------------------------------------------------------------------------------------------------------------------------------------------------
   13.5 (13.6) 19.9   day 03   7.0   day 08    85.5     0.0    51.0    2.3     35.0    day  05    NNE
Note: Average in brackets uses the NOAA/Climate method of the average of the daily maximum and minumum temperatures
Max Rain: 33.8 ON 5-11-17
Days of Rain: 12 (> .2mm) 4 (> 2mm) 1 (> 20mm)