MONTHLY CLIMATOLOGICAL SUMMARY for JUL. 2017

NAME: Ladispoli   CITY: Rome STATE: Italy
ELEV: 10 LAT: 42.0 LONG: 12.0

                            TEMPERATURE ( C), RAIN (mm), WIND SPEED (m/s)

                                                 HEAT     COOL          AVG
      MEAN                                       DEG      DEG           WIND                       DOM
DAY   TEMP    HIGH   TIME      LOW     TIME      DAYS     DAYS    RAIN  SPEED   HIGH     TIME      DIR
----------------------------------------------------------------------------------------------------------------------------------------------------------
01    23.7    25.3   14:25p    21.4   23:59p     00.0     05.4   00.0   01.8    07.2    14:57p     WNW
02    22.7    25.7   11:31a    17.7   04:33a     00.0     04.4   00.0   01.7    09.3    17:47p     WNW
03    25.3    30.8   13:08p    19.5   04:54a     00.0     07.0   00.0   01.5    08.2    19:12p     NNW
04    24.5    26.8   09:47a    19.8   06:05a     00.0     06.2   00.0   01.1    05.1    20:06p     WSW
05    24.3    27.8   17:00p    19.9   05:55a     00.0     06.0   00.0   01.1    08.7    14:55p      W 
06    25.1    28.9   12:07p    19.6   05:22a     00.0     06.8   00.0   01.3    08.7    17:57p     WNW
07    24.9    28.3   13:03p    20.2   05:51a     00.0     06.6   00.0   00.8    07.7    15:47p     WNW
08    24.6    27.6   16:24p    20.5   05:26a     00.0     06.3   00.0   00.6    05.1    17:15p      SW
09    24.4    28.0   15:31p    20.4   04:40a     00.0     06.1   00.0   00.5    04.1    18:42p      S 
10    25.6    27.6   17:06p    22.8   06:40a     00.0     07.3   00.0   01.5    09.8    09:31a     SSE
11    25.5    27.8   15:48p    22.7   06:31a     00.0     07.2   00.0   01.1    05.7    13:47p      S 
12    25.5    28.1   17:28p    22.3   06:39a     00.0     07.2   00.0   00.9    05.1    17:27p     SSW
13    25.7    27.9   13:49p    21.4   06:12a     00.0     07.4   00.0   00.8    06.7    14:17p     WSW
14    25.7    28.3   17:27p    22.6   06:29a     00.0     07.4   00.0   01.2    08.2    18:09p      W 
15    26.6    29.6   18:35p    23.1   03:55a     00.0     08.3   00.0   01.5    08.7    22:23p     WNW
16    26.5    30.5   16:25p    22.9   23:59p     00.0     08.2   00.0   03.0    13.9    10:34a      NE
17    25.3    31.0   14:55p    21.5   06:07a     00.0     07.0   00.0   02.4    11.8    11:43a     NNE
18    24.4    27.1   16:33p    21.3   06:24a     00.0     06.1   00.0   01.2    05.7    10:38a     SSW
19    22.9    26.4   16:11p    18.0   05:15a     00.0     04.6   00.0   00.9    06.2    14:43p      W 
20
21
22
23
24
25
26
27
28
29
30
31
----------------------------------------------------------------------------------------------------------------------------------------------------------
   24.9 (24.5) 31.0   day 17   17.7   day 02    0.0     125.5    0.0    2.5     27.0    day  16     W 
Note: Average in brackets uses the NOAA/Climate method of the average of the daily maximum and minumum temperatures
Max Rain: 0.0 ON 0-07-17
Days of Rain: 0 (> .2mm) 0 (> 2mm) 0 (> 20mm)