MONTHLY CLIMATOLOGICAL SUMMARY for MAR. 2020

NAME: Ladispoli   CITY: Rome STATE: Italy
ELEV: 10 LAT: 42.0 LONG: 12.0

                            TEMPERATURE ( C), RAIN (mm), WIND SPEED (m/s)

                                                 HEAT     COOL          AVG
      MEAN                                       DEG      DEG           WIND                       DOM
DAY   TEMP    HIGH   TIME      LOW     TIME      DAYS     DAYS    RAIN  SPEED   HIGH     TIME      DIR
----------------------------------------------------------------------------------------------------------------------------------------------------------
01    14.1    15.0   13:40p    13.0   12:18p     04.2     00.0   02.2   03.1    09.8    13:58p      S 
02    14.0    14.6   20:21p    12.5   21:28p     04.3     00.0   02.8   03.8    15.4    20:34p     WSW
03    12.3    13.7   16:32p    08.9   23:25p     06.0     00.0   00.0   03.6    13.4    00:36a     WSW
04    10.6    14.8   12:48p    05.9   07:12a     07.7     00.0   00.0   00.7    08.7    15:02p     NNW
05    10.3    13.7   23:59p    05.5   05:37a     08.0     00.0   00.4   01.6    14.4    22:45p     SSE
06    13.9    15.4   10:58a    10.4   23:59p     04.4     00.0   01.2   03.0    13.9    00:16a      SW
07    11.0    14.6   16:21p    07.0   06:28a     07.3     00.0   00.0   00.5    08.2    15:04p     NNW
08    12.1    16.3   13:44p    07.6   23:59p     06.2     00.0   00.0   01.0    08.7    08:45a      NE
09    09.2    13.5   14:19p    04.7   04:59a     09.1     00.0   09.0   00.4    05.1    19:38p     ESE
10    11.9    16.1   12:42p    06.7   01:35a     06.4     00.0   00.0   00.8    08.2    07:23a     NNE
11    11.1    15.3   15:03p    05.6   05:33a     07.2     00.0   00.0   00.3    05.1    16:59p     WNW
12    11.9    15.5   12:49p    08.1   06:26a     06.4     00.0   00.2   00.4    06.2    12:48p      S 
13    12.6    14.9   13:06p    09.9   00:57a     05.7     00.0   00.0   00.2    04.6    11:40a     SSE
14    12.9    14.4   17:48p    10.9   00:03a     05.4     00.0   00.0   00.0    02.6    23:05p     WSW
15    13.4    18.6   13:24p    10.2   06:22a     04.9     00.0   00.0   00.8    08.7    13:24p     ENE
16    12.2    16.5   11:14a    08.5   05:59a     06.1     00.0   00.0   00.5    05.1    12:51p     SSE
17    12.3    16.0   12:59p    08.3   00:50a     06.0     00.0   00.0   00.2    03.6    10:16a     ESE
18    11.9    15.8   15:24p    06.9   06:32a     06.4     00.0   00.0   00.4    04.6    13:10p      W 
19    13.2    16.9   10:04a    09.0   23:59p     05.1     00.0   00.0   00.5    05.1    09:58a      S 
20    11.7    15.8   15:06p    06.6   06:19a     06.6     00.0   00.0   00.4    04.1    14:21p     WSW
21    12.2    15.4   14:40p    07.4   06:34a     06.1     00.0   00.0   00.3    04.1    13:31p     WSW
22    12.9    16.2   15:10p    08.2   05:25a     05.4     00.0   00.0   00.7    06.7    23:58p     ENE
23    09.4    12.5   12:34p    05.0   23:57p     08.9     00.0   00.0   05.1    19.6    19:52p      NE
24    06.1    09.5   15:31p    02.0   06:32a     12.2     00.0   00.0   03.7    13.4    18:14p     NNE
25    07.4    11.9   17:23p    03.3   06:19a     10.9     00.0   00.6   02.9    10.3    18:32p      NE
26    08.8    12.5   14:53p    04.5   02:27a     09.5     00.0   12.2   01.7    11.8    18:02p      NE
27    12.3    14.5   10:03a    10.1   23:59p     06.0     00.0   00.4   02.2    10.8    12:16p     ESE
28    12.0    14.7   14:44p    09.3   06:31a     06.3     00.0   00.0   00.2    04.1    09:40a     WSW
29
30
31
----------------------------------------------------------------------------------------------------------------------------------------------------------
   11.6 (11.3) 18.6   day 15   2.0   day 24    188.7     0.0    29.0    2.7     38.0    day  23    NNW
Note: Average in brackets uses the NOAA/Climate method of the average of the daily maximum and minumum temperatures
Max Rain: 12.2 ON 26-03-20
Days of Rain: 9 (> .2mm) 4 (> 2mm) 0 (> 20mm)