MONTHLY CLIMATOLOGICAL SUMMARY for JAN. 2022

NAME: Ladispoli   CITY: Rome STATE: Italy
ELEV: 10 LAT: 42.0 LONG: 12.0

                            TEMPERATURE ( C), RAIN (mm), WIND SPEED (m/s)

                                                 HEAT     COOL          AVG
      MEAN                                       DEG      DEG           WIND                       DOM
DAY   TEMP    HIGH   TIME      LOW     TIME      DAYS     DAYS    RAIN  SPEED   HIGH     TIME      DIR
----------------------------------------------------------------------------------------------------------------------------------------------------------
01    10.5    10.5   23:58p    10.1   22:53p     07.8     00.0   00.0   00.2    02.6    22:58p      NE
02    10.7    11.8   13:10p    09.9   08:49a     07.6     00.0   00.0   00.2    05.1    13:31p      E 
03    12.2    14.2   22:28p    09.7   07:21a     06.1     00.0   00.0   00.5    05.1    16:31p      S 
04    14.2    15.1   14:11p    13.1   10:28a     04.1     00.0   00.0   02.3    10.8    21:58p      S 
05    14.0    15.4   16:55p    11.6   23:49p     04.3     00.0   01.4   04.7    13.4    19:35p      S 
06    10.6    12.3   15:46p    07.6   22:57p     07.7     00.0   00.6   02.8    11.3    00:40a     SSW
07    09.7    14.2   14:25p    05.3   23:59p     08.6     00.0   00.0   00.8    06.7    09:32a      NE
08    06.3    11.1   14:15p    02.4   23:59p     12.0     00.0   00.0   00.4    05.7    16:31p      N 
09    05.3    09.5   16:19p    02.1   00:19a     13.0     00.0   01.4   01.3    08.7    17:21p     ENE
10    08.3    10.6   12:56p    04.8   00:53a     10.0     00.0   00.2   02.4    12.4    22:51p     NNE
11    09.6    11.5   13:27p    07.0   23:59p     08.7     00.0   00.0   04.9    17.0    23:22p      NE
12    07.9    12.1   14:42p    02.8   06:02a     10.4     00.0   01.6   04.3    14.9    04:52a      NE
13    08.6    13.1   15:31p    06.2   08:09a     09.7     00.0   00.0   02.6    11.3    10:23a      NE
14    07.1    11.8   15:50p    02.6   06:52a     11.2     00.0   00.0   00.2    04.1    15:39p     
15    07.3    13.1   16:11p    01.8   06:36a     11.0     00.0   00.0   00.0    03.1    13:42p     WNW
16    08.1    13.1   15:46p    03.7   03:21a     10.2     00.0   00.2   00.3    05.1    15:49p     WNW
17    09.6    13.9   14:46p    05.8   08:24a     08.7     00.0   00.0   00.6    06.2    13:02p     NNW
18    08.0    13.7   12:54p    03.0   05:37a     10.3     00.0   00.2   00.2    03.6    14:37p     
19    09.4    13.2   15:45p    05.6   07:24a     08.9     00.0   00.0   00.6    05.1    20:01p      E 
20    11.2    13.4   14:43p    08.6   23:59p     07.1     00.0   00.2   01.6    08.7    10:38a      SW
21    09.1    12.8   15:25p    06.6   04:18a     09.2     00.0   00.2   00.4    07.7    20:44p      NE
22    07.3    11.3   14:56p    03.2   23:59p     11.0     00.0   00.0   00.7    07.2    08:14a     NNE
23    06.7    11.9   15:51p    02.3   02:17a     11.6     00.0   00.0   00.3    04.6    09:43a     ESE
24    08.3    13.8   15:06p    02.6   08:06a     10.0     00.0   00.0   00.8    08.7    22:42p     ENE
25    06.8    10.9   12:03p    02.4   22:01p     11.5     00.0   00.0   00.7    07.2    02:44a     NNE
26    07.7    12.1   13:19p    01.6   05:56a     10.6     00.0   00.0   00.0    03.1    13:03p      NW
27    09.7    13.9   15:12p    05.4   08:31a     08.6     00.0   00.0   00.4    05.1    12:25p      NW
28
29
30
31
----------------------------------------------------------------------------------------------------------------------------------------------------------
   9.0 (9.0) 15.4   day 05   1.6   day 26    250.1     0.0    6.0    2.5     33.0    day  11    NNW
Note: Average in brackets uses the NOAA/Climate method of the average of the daily maximum and minumum temperatures
Max Rain: 1.6 ON 12-01-22
Days of Rain: 9 (> .2mm) 0 (> 2mm) 0 (> 20mm)