MONTHLY CLIMATOLOGICAL SUMMARY for APR. 2018

NAME: Ladispoli   CITY: Rome STATE: Italy
ELEV: 10 LAT: 42.0 LONG: 12.0

                            TEMPERATURE ( C), RAIN (mm), WIND SPEED (m/s)

                                                 HEAT     COOL          AVG
      MEAN                                       DEG      DEG           WIND                       DOM
DAY   TEMP    HIGH   TIME      LOW     TIME      DAYS     DAYS    RAIN  SPEED   HIGH     TIME      DIR
----------------------------------------------------------------------------------------------------------------------------------------------------------
01    13.8    15.5   16:51p    08.8   23:59p     04.5     00.0   00.2   01.1    06.2    13:41p     WNW
02    11.5    15.2   14:01p    07.6   05:26a     06.8     00.0   00.0   01.4    07.2    15:54p      SE
03    12.7    16.3   13:33p    08.9   07:26a     05.6     00.0   00.0   01.5    09.3    16:07p      SE
04    13.1    15.9   17:19p    10.5   01:50a     05.2     00.0   06.4   01.3    08.2    13:59p      SE
05    14.1    16.4   17:14p    12.1   23:59p     04.2     00.0   11.0   00.9    05.7    15:37p     SSE
06    14.0    18.2   18:10p    08.3   05:59a     04.3     00.0   00.2   00.7    06.2    15:20p     WNW
07    14.5    17.9   11:12a    10.9   06:19a     03.8     00.0   00.0   00.7    05.1    14:15p      SE
08    16.2    20.3   11:51a    11.2   07:00a     02.1     00.0   00.0   00.8    07.7    13:28p      SE
09    14.8    17.9   02:41a    12.9   09:24a     03.5     00.0   08.6   02.5    18.5    09:47a      S 
10    13.7    16.3   13:51p    10.4   04:40a     04.6     00.0   00.2   01.2    09.8    13:15p     SSE
11    15.5    19.1   17:46p    12.4   07:17a     02.8     00.0   00.0   01.2    07.7    22:28p      SE
12    14.9    17.1   11:50a    13.0   22:52p     03.4     00.0   01.0   01.5    09.8    13:35p     SSE
13    14.3    17.5   13:40p    11.8   07:23a     04.0     00.0   00.0   01.0    08.2    09:23a     SSE
14    18.4    24.8   15:12p    10.4   02:56a     00.0     00.1   00.0   01.3    08.7    23:31p      NE
15    18.7    21.1   15:18p    15.0   23:59p     00.0     00.4   00.0   01.5    09.3    02:49a     ENE
16    15.6    17.8   13:36p    12.4   05:09a     02.7     00.0   00.0   00.8    07.2    15:44p      W 
17    15.5    18.1   10:25a    12.5   02:16a     02.8     00.0   00.0   00.9    05.1    19:08p      S 
18    18.4    24.2   16:07p    12.3   03:50a     00.0     00.1   00.0   01.5    08.7    12:08p      NE
19
20
21
22
23
24
25
26
27
28
29
30
31
----------------------------------------------------------------------------------------------------------------------------------------------------------
   15.0 (14.8) 24.8   day 14   7.6   day 02    60.3     0.7    27.6    2.3     36.0    day  09     NE
Note: Average in brackets uses the NOAA/Climate method of the average of the daily maximum and minumum temperatures
Max Rain: 11.0 ON 5-04-18
Days of Rain: 7 (> .2mm) 3 (> 2mm) 0 (> 20mm)