MONTHLY CLIMATOLOGICAL SUMMARY for MAY. 2024

NAME: Ladispoli   CITY: Rome STATE: Italy
ELEV: 10 LAT: 42.0 LONG: 12.0

                            TEMPERATURE ( C), RAIN (mm), WIND SPEED (m/s)

                                                 HEAT     COOL          AVG
      MEAN                                       DEG      DEG           WIND                       DOM
DAY   TEMP    HIGH   TIME      LOW     TIME      DAYS     DAYS    RAIN  SPEED   HIGH     TIME      DIR
----------------------------------------------------------------------------------------------------------------------------------------------------------
01    16.3    18.3   14:57p    14.5   18:52p     02.0     00.0   15.4   03.4    13.4    14:56p     SSE
02    16.0    18.2   15:00p    14.2   06:00a     02.3     00.0   04.8   03.1    11.3    23:05p     SSW
03    15.8    17.5   12:58p    13.3   23:59p     02.5     00.0   01.4   02.9    11.8    00:03a     WSW
04    15.1    18.4   16:52p    10.9   03:52a     03.2     00.0   00.0   01.5    07.2    18:46p      W 
05    15.5    18.9   18:14p    10.9   05:56a     02.8     00.0   00.0   01.0    05.7    14:05p      SW
06    15.6    18.8   13:55p    11.0   04:38a     02.7     00.0   00.0   01.8    07.2    14:07p      SE
07    16.9    19.1   15:51p    14.3   03:37a     01.4     00.0   00.0   02.1    08.2    10:16a      SE
08
09    17.5    26.1   18:04p    12.8   04:16a     00.8     00.0   01.8   01.3    07.2    17:51p      W 
10    19.8    23.9   11:57a    16.5   06:27a     00.0     01.5   00.0   02.0    08.2    08:57a     
11    19.6    23.8   11:22a    15.9   23:59p     00.0     01.3   00.0   01.7    05.7    17:18p      NW
12    17.9    21.3   10:05a    13.7   04:05a     00.4     00.0   00.0   01.6    05.1    14:10p     SSE
13    17.6    20.7   17:32p    13.2   05:11a     00.7     00.0   00.0   01.2    07.2    16:45p      SW
14    18.6    22.0   13:32p    13.6   05:10a     00.0     00.3   00.0   01.1    05.1    16:26p     WSW
15    19.6    22.5   15:09p    16.3   06:10a     00.0     01.3   00.0   02.5    09.3    10:53a      SE
16    19.7    21.8   10:25a    16.8   05:16a     00.0     01.4   00.0   02.0    07.7    22:18p     SSW
17    18.9    21.5   18:14p    15.0   06:33a     00.0     00.6   00.0   01.3    06.2    14:41p      S 
18    19.2    23.5   14:18p    15.4   04:12a     00.0     00.9   00.0   01.4    08.7    11:14a     ESE
19    19.4    22.3   11:00a    16.3   03:57a     00.0     01.1   00.0   01.3    06.7    09:08a     ESE
20    19.6    22.3   14:05p    16.6   05:38a     00.0     01.3   01.8   01.6    09.3    14:05p      W 
21    19.5    21.3   15:20p    17.4   08:23a     00.0     01.2   02.4   02.1    06.7    07:49a      SW
22    19.6    21.2   16:02p    18.1   05:38a     00.0     01.3   00.0   02.1    07.2    18:16p      SW
23    18.7    20.9   15:41p    15.7   05:59a     00.0     00.4   00.0   01.9    06.2    11:37a     SSE
24    18.6    21.9   13:24p    14.6   06:06a     00.0     00.3   00.0   01.3    06.2    14:35p      SW
25    18.4    21.1   17:19p    14.0   06:28a     00.0     00.1   00.0   01.3    06.7    17:00p     WSW
26    18.9    22.5   15:27p    13.9   04:27a     00.0     00.6   00.0   01.9    08.7    15:25p      W 
27    19.5    22.4   17:10p    15.1   06:14a     00.0     01.2   00.0   01.3    05.7    18:00p     WSW
28    19.0    22.6   16:16p    14.2   03:49a     00.0     00.7   00.2   01.5    05.7    11:57a     SSE
29    19.8    22.4   17:42p    16.3   05:31a     00.0     01.5   00.0   01.6    07.2    17:06p     WSW
30
31
----------------------------------------------------------------------------------------------------------------------------------------------------------
   18.2 (18.0) 26.1   day 09   10.9   day 05    18.8     16.8    27.8    3.5     26.0    day  01    NNE
Note: Average in brackets uses the NOAA/Climate method of the average of the daily maximum and minumum temperatures
Max Rain: 15.4 ON 1-05-24
Days of Rain: 7 (> .2mm) 3 (> 2mm) 0 (> 20mm)