MONTHLY CLIMATOLOGICAL SUMMARY for JUN. 2019

NAME: Ladispoli   CITY: Rome STATE: Italy
ELEV: 10 LAT: 42.0 LONG: 12.0

                            TEMPERATURE ( C), RAIN (mm), WIND SPEED (m/s)

                                                 HEAT     COOL          AVG
      MEAN                                       DEG      DEG           WIND                       DOM
DAY   TEMP    HIGH   TIME      LOW     TIME      DAYS     DAYS    RAIN  SPEED   HIGH     TIME      DIR
----------------------------------------------------------------------------------------------------------------------------------------------------------
01    22.3    25.7   14:47p    18.6   23:59p     00.0     04.0   00.0   01.3    09.3    10:31a      N 
02    19.8    25.9   18:53p    14.2   03:43a     00.0     01.5   00.0   00.8    07.7    16:58p     SSW
03    19.5    23.5   16:41p    15.1   04:25a     00.0     01.2   00.0   00.8    08.2    17:31p     WNW
04    19.2    22.4   17:45p    15.0   03:35a     00.0     00.9   00.0   00.6    06.7    17:21p     WSW
05    19.2    22.2   13:34p    15.5   05:39a     00.0     00.9   00.0   00.8    05.1    14:25p      S 
06    20.2    22.7   13:51p    16.9   04:31a     00.0     01.9   00.0   01.2    07.7    15:03p     SSE
07    21.8    24.9   15:09p    18.2   06:29a     00.0     03.5   00.0   01.0    07.2    19:13p     SSE
08    23.3    30.1   14:28p    19.3   05:45a     00.0     05.0   00.0   00.5    08.2    14:36p      SE
09    23.4    27.2   10:24a    18.8   03:45a     00.0     05.1   00.0   00.8    08.2    09:55a     SSE
10    24.6    32.4   13:22p    19.0   05:12a     00.0     06.3   00.0   01.1    10.3    12:45p      SE
11    21.8    24.2   11:36a    18.6   05:55a     00.0     03.5   00.0   00.4    05.1    16:43p      S 
12    22.4    25.7   12:43p    20.2   06:11a     00.0     04.1   00.0   00.7    05.1    16:56p      W 
13    22.5    26.2   17:07p    17.8   06:07a     00.0     04.2   00.0   00.5    05.7    15:22p     WNW
14    25.3    30.0   10:18a    21.0   02:37a     00.0     07.0   00.0   01.0    08.2    13:49p      SE
15    23.9    26.5   17:59p    21.8   06:52a     00.0     05.6   00.0   00.6    06.7    18:27p      W 
16    22.5    24.7   15:16p    19.6   06:27a     00.0     04.2   00.0   01.0    07.7    15:48p     WNW
17    21.7    24.3   14:58p    17.2   04:33a     00.0     03.4   00.0   00.8    05.1    17:49p      W 
18    22.6    24.8   14:42p    18.9   06:16a     00.0     04.3   00.0   00.7    05.7    16:00p     WSW
19
20
21
22
23
24
25
26
27
28
29
30
31
----------------------------------------------------------------------------------------------------------------------------------------------------------
   22.0 (21.9) 32.4   day 10   14.2   day 02    0.0     66.6    0.0    1.6     20.0    day  10     W 
Note: Average in brackets uses the NOAA/Climate method of the average of the daily maximum and minumum temperatures
Max >=  32.0: 1
Max Rain: 0.0 ON 0-06-19
Days of Rain: 0 (> .2mm) 0 (> 2mm) 0 (> 20mm)