MONTHLY CLIMATOLOGICAL SUMMARY for FEB. 2019

NAME: Ladispoli   CITY: Rome STATE: Italy
ELEV: 10 LAT: 42.0 LONG: 12.0

                            TEMPERATURE ( C), RAIN (mm), WIND SPEED (m/s)

                                                 HEAT     COOL          AVG
      MEAN                                       DEG      DEG           WIND                       DOM
DAY   TEMP    HIGH   TIME      LOW     TIME      DAYS     DAYS    RAIN  SPEED   HIGH     TIME      DIR
----------------------------------------------------------------------------------------------------------------------------------------------------------
01    14.1    14.5   14:57p    13.7   22:09p     04.2     00.0   03.2   04.6    13.4    15:31p     SSE
02    12.4    13.8   06:13a    10.8   19:01p     05.9     00.0   28.8   02.8    12.9    01:05a      S 
03    10.1    12.5   13:39p    07.4   07:47a     08.2     00.0   08.6   01.1    08.7    12:14p      S 
04    10.7    15.2   15:02p    07.5   06:46a     07.6     00.0   00.0   03.3    13.9    18:32p      NE
05    11.0    15.4   16:14p    08.2   08:06a     07.3     00.0   00.0   01.0    10.8    00:09a     NNE
06    11.5    16.8   15:40p    07.0   04:31a     06.8     00.0   00.0   02.1    16.0    09:31a     NNE
07    09.7    13.6   11:31a    06.1   07:25a     08.6     00.0   00.0   00.4    05.1    00:22a      N 
08    09.5    14.6   13:47p    06.1   03:15a     08.8     00.0   00.6   00.4    05.1    09:28a      E 
09    09.7    13.5   15:21p    05.2   04:05a     08.6     00.0   00.2   00.2    03.6    11:28a      SE
10    13.5    14.3   15:32p    12.2   00:01a     04.8     00.0   00.0   03.5    11.8    21:11p      S 
11    12.3    14.3   14:31p    07.8   23:59p     06.0     00.0   00.0   01.9    11.8    12:03p     WNW
12    09.6    14.9   15:54p    04.4   23:59p     08.7     00.0   00.0   00.6    08.7    14:44p      N 
13    09.1    14.2   15:47p    04.4   06:39a     09.2     00.0   00.0   01.0    10.3    23:10p      NE
14    10.6    14.5   15:20p    07.2   21:31p     07.7     00.0   00.0   00.7    08.7    03:50a      N 
15    12.8    19.6   14:55p    07.9   01:06a     05.5     00.0   00.0   01.2    12.4    16:32p      NE
16
17
18
19
20
21
22
23
24
25
26
27
28
29
30
31
----------------------------------------------------------------------------------------------------------------------------------------------------------
   11.1 (11.3) 19.6   day 15   4.4   day 13    107.9     0.0    41.4    3.2     31.0    day  06     NE
Note: Average in brackets uses the NOAA/Climate method of the average of the daily maximum and minumum temperatures
Max Rain: 28.8 ON 2-02-19
Days of Rain: 5 (> .2mm) 3 (> 2mm) 1 (> 20mm)