MONTHLY CLIMATOLOGICAL SUMMARY for AUG. 2019

NAME: Ladispoli   CITY: Rome STATE: Italy
ELEV: 10 LAT: 42.0 LONG: 12.0

                            TEMPERATURE ( C), RAIN (mm), WIND SPEED (m/s)

                                                 HEAT     COOL          AVG
      MEAN                                       DEG      DEG           WIND                       DOM
DAY   TEMP    HIGH   TIME      LOW     TIME      DAYS     DAYS    RAIN  SPEED   HIGH     TIME      DIR
----------------------------------------------------------------------------------------------------------------------------------------------------------
01    25.3    27.3   14:57p    22.5   23:59p     00.0     07.0   00.2   01.2    07.2    13:44p      S 
02    24.8    28.9   15:08p    21.5   03:35a     00.0     06.5   01.8   01.1    09.3    09:05a      SE
03    25.0    28.4   15:43p    20.7   05:18a     00.0     06.7   00.0   00.8    07.7    17:05p     WNW
04    25.0    28.9   10:47a    20.3   05:40a     00.0     06.7   00.0   00.6    05.1    18:35p      W 
05    24.3    27.8   09:52a    19.3   05:53a     00.0     06.0   00.0   00.4    05.1    13:51p      SW
06    24.5    28.0   16:46p    20.0   04:18a     00.0     06.2   00.0   00.5    04.6    13:49p     SSW
07    25.9    28.8   15:15p    21.7   06:13a     00.0     07.6   00.0   01.6    08.7    14:23p     SSE
08    26.7    28.8   18:39p    25.3   00:49a     00.0     08.4   00.0   00.8    04.6    13:59p     SSE
09    27.1    29.8   18:52p    24.4   06:36a     00.0     08.8   00.0   00.6    06.2    17:17p     WNW
10    26.7    30.0   12:37p    22.7   06:46a     00.0     08.4   00.0   00.5    05.7    13:56p      W 
11    26.5    29.3   17:46p    22.4   04:53a     00.0     08.2   00.0   00.5    05.1    19:07p     WNW
12    27.0    31.4   16:16p    22.3   06:53a     00.0     08.7   00.0   00.6    07.2    18:12p     WNW
13    27.4    30.7   13:28p    25.0   00:42a     00.0     09.1   00.0   00.8    07.7    22:12p     WNW
14    24.9    27.7   12:34p    20.4   06:31a     00.0     06.6   00.0   01.7    09.3    14:25p     WNW
15    24.2    27.2   14:26p    20.3   07:10a     00.0     05.9   00.0   01.1    07.7    17:03p     WNW
16    23.7    26.7   17:00p    19.6   02:49a     00.0     05.4   00.0   00.9    06.7    16:29p     WNW
17    23.9    26.6   16:14p    20.7   05:13a     00.0     05.6   00.0   00.7    05.1    18:43p     WSW
18    23.5    26.9   15:16p    19.7   06:51a     00.0     05.2   00.0   00.7    05.1    17:25p     WSW
19    23.1    26.8   16:19p    18.0   06:37a     00.0     04.8   00.0   00.6    05.7    17:27p      W 
20
21
22
23
24
25
26
27
28
29
30
31
----------------------------------------------------------------------------------------------------------------------------------------------------------
   25.2 (24.9) 31.4   day 12   18.0   day 19    0.0     131.8    2.0    1.6     18.0    day  02     NW
Note: Average in brackets uses the NOAA/Climate method of the average of the daily maximum and minumum temperatures
Max Rain: 1.8 ON 2-08-19
Days of Rain: 2 (> .2mm) 0 (> 2mm) 0 (> 20mm)