MONTHLY CLIMATOLOGICAL SUMMARY for FEB. 2018

NAME: Ladispoli   CITY: Rome STATE: Italy
ELEV: 10 LAT: 42.0 LONG: 12.0

                            TEMPERATURE ( C), RAIN (mm), WIND SPEED (m/s)

                                                 HEAT     COOL          AVG
      MEAN                                       DEG      DEG           WIND                       DOM
DAY   TEMP    HIGH   TIME      LOW     TIME      DAYS     DAYS    RAIN  SPEED   HIGH     TIME      DIR
----------------------------------------------------------------------------------------------------------------------------------------------------------
01    13.4    13.9   14:31p    13.1   10:35a     04.9     00.0   00.4   02.3    08.7    23:40p     SSW
02    14.2    15.1   10:58a    12.4   02:23a     04.1     00.0   00.8   03.5    11.8    20:39p     SSE
03    11.2    14.6   00:10a    06.5   23:23p     07.1     00.0   05.0   04.0    21.1    02:34a     WSW
04    07.3    12.3   14:50p    02.9   06:28a     11.0     00.0   00.2   00.4    05.1    10:38a     ESE
05    09.2    12.7   15:36p    06.6   03:35a     09.1     00.0   00.0   01.4    08.7    16:10p     ESE
06    10.6    14.2   13:53p    08.5   00:02a     07.7     00.0   07.0   02.6    12.9    13:32p     ESE
07    09.1    11.2   14:25p    07.2   23:41p     09.2     00.0   24.6   01.4    09.8    16:21p     ESE
08    08.5    13.0   13:18p    04.2   04:53a     09.8     00.0   01.0   00.6    05.1    14:46p      E 
09    08.6    12.7   13:50p    05.3   07:22a     09.7     00.0   00.0   00.5    05.1    10:03a      NE
10    08.5    14.2   13:55p    03.4   06:12a     09.8     00.0   00.2   01.2    11.8    20:13p     NNE
11    07.2    11.4   13:28p    03.6   23:03p     11.1     00.0   00.0   00.7    11.3    00:48a      N 
12    07.8    11.7   16:35p    03.4   02:54a     10.5     00.0   00.0   01.5    08.7    12:23p      E 
13    07.8    11.8   13:46p    02.8   23:56p     10.5     00.0   00.0   00.6    07.2    14:39p     
14    04.8    10.5   16:45p    02.6   02:01a     13.5     00.0   04.4   00.8    06.7    08:55a      NE
15    06.3    11.6   15:42p    02.5   06:00a     12.0     00.0   00.0   01.4    11.3    01:19a     NNE
16    07.4    12.9   12:51p    01.6   07:19a     10.9     00.0   00.0   00.2    04.1    13:27p      SE
17    10.3    12.7   20:12p    06.2   00:04a     08.0     00.0   00.6   00.7    05.1    13:53p     ESE
18    10.4    13.7   15:14p    08.0   23:59p     07.9     00.0   06.0   01.2    08.2    12:51p      SE
19    09.3    12.4   14:20p    07.5   01:47a     09.0     00.0   01.8   00.9    06.7    08:33a      NE
20    06.7    10.6   16:18p    05.0   08:18a     11.6     00.0   00.4   00.3    04.1    18:48p      NE
21    07.9    11.4   15:51p    04.6   03:09a     10.4     00.0   00.0   01.7    10.3    08:28a      NE
22    07.0    09.0   11:44a    04.9   06:46a     11.3     00.0   10.8   02.1    12.4    17:58p     ENE
23
24
25
26
27
28
29
30
31
----------------------------------------------------------------------------------------------------------------------------------------------------------
   8.8 (9.0) 15.1   day 02   1.6   day 16    209.2     0.0    63.2    2.7     41.0    day  03     E 
Note: Average in brackets uses the NOAA/Climate method of the average of the daily maximum and minumum temperatures
Max Rain: 24.6 ON 7-02-18
Days of Rain: 14 (> .2mm) 6 (> 2mm) 1 (> 20mm)